t is -4 - (81 + 0 - (-4 + -25 + 39))?
-75
What is the value of -43 - (-5 + (-34 - -7))?
-11
What is the value of 1 + 11 + (1 - -25) + -23 + 1 + 36?
52
87 + -16 + -45 - 30
-4
(-72 - (16 - 24) - (-2 + -5)) + (4 - -4)
-49
What is the value of 1 + (-1 - 0) + 0 + 1 + -197821 + 197785?
-35
Calculate -1 + -23 - (362 - 390) - (-1 + 22 + 0).
-17
(0 + -12 - (5 - (-34 - -59))) + -13
-5
Evaluate (-17 - -2) + (-45 - -62) - 40.
-38
-25 + 11 + 38 + (3 - (5 - 5) - -4)
31
Calculate -38 - ((9 - 0) + (-16 + 17 - 4)).
-44
Calculate -67 + -2 - (-33 - (-57 + (-28 - -44))).
-77
Calculate (19 - 74) + -57 + 17.
-95
What is (-20 - (-24 - -4)) + ((-38 - 4) + -6 - -5)?
-43
Calculate 52 + -12 + (-9 - 4) + 30.
57
Calculate 5 + -1 - ((0 - (-14 - 0)) + -4203 + 4183).
10
Calculate 33 - (12 - (-11 + 37)) - (-6 - -17).
36
What is the value of (45 + -5 - (465 - 510)) + (0 - -16)?
101
14 + 2 + 7 + -10 + (-48 - -61)
26
(2 - 53) + 19 - -24 - -29
21
What is the value of -15 + (-9 - (-25 + 30 - -13))?
-42
-45 - 1 - ((186 + -191 - (1 + -9)) + 2)
-51
What is 58 + -16 + -81 + 25?
-14
-43 + (10 + (9 - 29) - -3)
-50
Evaluate -2 - (10 - 13) - (48 - (3 - 3)).
-47
Calculate (-23 + 5 - 4) + (-2 - (-14 + 8)).
-18
Evaluate -32 - -74 - (1 - -14) - -55.
82
Evaluate ((3 - (7 - -20)) + 14 - -13) + 52 + -2.
53
What is the value of 51 + (7 - (13 + -1) - (20 + -10))?
36
What is the value of (-6 - 95) + 13 + (-2 - 3) - (99 - 89)?
-103
What is 39 - (8 - 4) - (-6295 - -6307)?
23
Evaluate 17 + 40 + 91 + -133.
15
(-137 - 4) + 4251 + -4209
-99
Evaluate 71 + -27 - 60 - -41.
25
Calculate 10 + (0 - -1) + -117 + (44 - -26).
-36
What is the value of -55 - (-11 + -32) - (15 + -3)?
-24
-31 + 43 + 66 + (0 + 14 - 7)
85
What is -3 - (-12 + 8 + (11 - 17)) - -9?
16
Evaluate (-30 - (-3 - -4)) + 284 + -273.
-20
5 - (-8 + 25) - -14 - (2 - 0) - 114
-114
What is the value of (-30 - 3) + (3 - -32) - (0 - 8)?
10
What is the value of (-14 - -2) + (-21 - ((43 - 16) + -78))?
18
What is the value of -25 + -1 + (-2793 - -2793)?
-26
What is (4 + (-20 - -20) - 1) + 24?
27
Evaluate -95 + (-97 - -244) + 12.
64
-179 - -209 - (-32 + -8)
70
667 - 628 - (2 - (-6 - (3 + -5)))
33
Evaluate -22 + ((20 - 26) + -8 - -6 - -132).
102
What is the value of -4 + 3 + 35 - (1 + 20 - 43 - -31)?
25
-1 + (3 - (-7 - -3)) + -4 + -5 - 8
-11
What is the value of (-47 - -3) + (-83 - -102) - (8 - (3 - 2))?
-32
Calculate (2857 - 2842) + (-130 - (-4 - -3)).
-114
Calculate 2 - (-14 + (-10 + 20 + -11 - -8) + -10).
19
Calculate 5 + (21 + (14 - 28) - (53 - (-5 + 4))).
-42
Calculate -13 - -1 - (29 + (69 - 174)) - 12.
52
Evaluate -9 - -4 - (-206 + 225).
-24
Calculate 11 + (0 - -17) + -4 + -41 + 90.
73
What is (0 - -6 - -64) + (1 + 11 - 14) + -6?
62
What is 4 - (-16 - ((-15 - -1) + -17)) - (-2 + 33)?
-42
Calculate (58 + -6 - -31) + -34.
49
What is 47 + -8 - (-105 + 80)?
64
What is -8 + 25 + -9 + (-18 - -9) - -49?
48
Evaluate (-60 + 37 + 3 - -12) + (-1 - -82).
73
Evaluate -1 - (-19 + (21 + 8 - -10)).
-21
Calculate -38 - (-165 + 17 + 36).
74
Evaluate (-37 + 0 - -85) + 64 - 42.
70
Evaluate (-336 - (-307 - -20)) + 0 + 33.
-16
(12 + 16 - 17 - -7) + -23 - -79
74
16 + (9 - 2) + (-17 - 91)
-85
Evaluate 57 + 32 + -172 + 52.
-31
25 + (-2 - -10) + (44 - 47)
30
Calculate (10 - (9 + (-1 - 7))) + (117 - (-31 + 13)).
144
((70 - -3) + -10 - (0 - -7)) + -11 - 6
39
Calculate 15 - ((-25 - (-19 + -8)) + 39).
-26
What is -32 + -13 + -5 + 107?
57
What is -10 - 1 - (-84 - -124 - -11)?
-62
(9 + -7 + -24 - -33 - -85) + 3
99
What is the value of -1403 + 1633 + -109 + -4?
117
What is -34 - ((77 - 49) + -71)?
9
What is -1 - 43 - (-6 - (-28 - (-16 - 8)))?
-42
0 + (40 - (26 + -11) - (-8 + -1))
34
What is the value of -1 - -86 - 34 - (0 - -9 - (19 + -19))?
42
Calculate (0 - (5 - 2 - 7)) + -13 + 43.
34
Evaluate (-22 - -1) + -14 + -27 + (-94 - -46).
-110
What is (82 - 86) + -68 + 174?
102
What is the value of 36 - ((73 - -53) + -24)?
-66
What is the value of (-3 + 7 - 49) + -12 + 14 + (3 - -1)?
-39
Evaluate (3 - 14) + (-71 - -109) - -1.
28
Evaluate -1 + 36 + 0 + -5 + 0 + -8.
22
Calculate -7 - (-23 - (81 - 36)) - 9.
52
(-1 - 5) + (233 - 258) - (-3 - -21)
-49
What is the value of -2093 + 2015 - (1 - 44)?
-35
What is 9767 + -9758 - (2 + -81 + -1)?
89
What is the value of 74 - (-36 + -2 + 66)?
46
Evaluate -24 + (-33 - -53) + 63.
59
Calculate 5 + 10 + 47 + 22 + (21 - 20).
85
Evaluate -11 - ((-5 - 6 - (9 + 10)) + -9).
28
Calculate (12 + -1 - 4) + -80 + 31 + 57.
15
What is -9 - (-10 + 24 - 24) - (6 - 1)?
-4
Calculate -1 + 36 - ((102 - 79) + -1).
13
What is (31 - (83 + -49)) + 12 - (-1 - 48)?
58
What is 109 - 80 - (-6 + 20 - -2)?
13
Evaluate -9 - (5 + -7 + 5 + -14 + -9) - -10.
21
8 + (-35 - -1 - (103 + -110))
-19
What is the value of (-9 + (21 - 21) - 19 - (-11 - 0)) + -1?
-18
What is -2 - 13 - (-1599 - -1532)?
52
Calculate (-9 - (-4 + -52)) + 51 + 8.
106
Calculate 13 + (4 + 13 - 25) + 24.
29
Calculate (-2 - -52) + (1 + 42 + -14 - 12).
67
Calculate (-4 - 2) + -12 - (2 + 20).
-40
Calculate -5 + -30 + 34 + -18 + 7.
-12
Calculate (0 - 76) + -58 + 139 + -51 + -40.
-86
What is 1 - 13 - (17 - (-13 - -33) - -9)?
-18
What is (28 - -1) + (-484 - -470 - (-2 + -23))?
40
Evaluate 2 + (34 + 33 + -20 - (4 - -1)).
44
What is the value of 0 - (-61 + 83 - 78)?
56
Calculate -32 + (64 + -24 - (41 + 47)).
-80
Calculate (-50 - -42 - -62) + -2 + (-14 + -1 - 0).
37
2 + 0 + -40 + 22 + -38
-54
What is -16 + 11 + (-11 - -70) - 25?
29
Calculate (-6 - (10 + -4 - 0)) + 49 + 25.
62
Calculate (-302 - -300 - (2 - (-12 - -18))) + -59 + 1.
-56
11 + -1 + 33 + (-10 - (-7 + 2 - 14))
52
What is the value of 34 + -51 + (-7 - -29)?
5
40 + ((-6 - (12 - 12)) + 19 + 7 - 11)
49
Evaluate 2 - -19 - (936 - 944).
29
Evaluate (4 - 1 - -6) + (25 + -25 - -11).
20
What is -34 - (2 + -11 + 6 + 15 - 20)?
-26
-58 + -3 + -19 - (3 + -27)
-56
What is 49 + 2 + (1 - -1 - (-39 - -145 - 112))?
59
-18 - (-3 + -21) - -49 - 19
36
Calculate -3 - 3 - (2 + (-51 - -8)).
35
Evaluate 4 - 1 - (-12 + (38 - (-20 - -61))).
18
What is the value of 21 + -7 + -76 + -87 + 76?
-73
0 + (1 + -24 + 12 - 31)
-42
What is -33 + (22 - 5) + (24 - 4) + -35?
-31
14 + -21 + 14 + -4 + (2 + -8 - 115)
-118
What is 86 + -47 - 66 - (-1 - -4 - -2 - -1)?
-33
What is the value of -8 + (-7 - -26) + (-7 - (-5 - -50 - 1))?
-40
-20 + 40 + -35 - (33 - 19)
-29
What is the value of (-12 - -10) + -28 + (-17 - -12) + -9?
-44
(1 - 10) + 19 + 5 + -6 - -7
16
What is -75 + 79 - (3 - -7) - (-1 + 5) - 26?
-36
Evaluate -89 - -6 - (88 - 97 - 14).
-60
What is the value of 68 + (-9 - 24) + 14 + 2 + -1 + 11?
61
Calculate -43 - (-45 + 27) - -43.
18
Calculate 178 + -56 + -65 - -4.
61
Evaluate -26 + 6 + -11 + (-39 - -65).
-5
Calculate 1 - -24 - (-20 + (9 - 42 - -58)).
20
Evaluate (-41 - (0 - 3)) + (41 - (-77 + 122)).
-42
What is the value of (-18 - ((44 - 47) + 4)) + 58?
39
Calculate (-25 - -64 - (-15 + -9)) + -22.
41
Evaluate 7 - (52 - 0 - 35).
-10
-2 - (-43 + 33 - -14) - (0 + -7)
1
Evaluate -1 + -23 - ((86 - 58) + -20).
-32
(314 - 298) + (5 - -28) - 45
4
Calculate -6 + 2 + 2 + -12 + (17 - 28).
-25
-89 - -7 - (34 - (36 - 19)) - 8
-107
What is 1 + 21 - (19 - 63 - -40)?
26
(94 - 63) + 138 + -148
21
Evaluate 116 + 31 + -133 + 107.
121
-39 + -86 + 28 + 65
-32
What is (-2 + -8 - -37) + (-1 - (7 - -6))?
13
Calculate ((-8 - (-12 + -6)) + -94 - (3 - 15)) + 10.
-62
Evaluate 18 + -18 + -7 + -16 + 4 + 4 + 26.
11
(33 - (28 - 58)) + -22 + 10
51
-29 + (-9 - -4) + 3 + 10
-21
What is the value of -148 - -120 - (104 + -12 + 0)?
-120
What is (-6 - ((-110 - (-9 - -20)) + -20)) + -14?
121
Evaluate (-44 + -3 + 3 - (90 - 96)) + 1 + -7.
-44
What is the value of -1041 + 1030 - (-3 - 5)?
-3
Calculate -18 + -2 + -65 + 75.
-10
What is (1 - -47) + -66 - (0 - 59)?
41
-3 + (-44 - -140 - (-4 + 3 + -4 + -8))
106
Calculate -3920 + 3893 - (0 + -44).
17
(-11 - -16) + (5 - -2 - ((5 - 4) + 14))
-3
Evaluate 39 - (10 + (7 - -23) + -58).
57
Evaluate 16 - (1 - (134 - 218)).
-69
Calculate 13 - 21 - (-60 + -26 + 2).
76
What is the value of -3 + -29 + 1 + (41 - 24)?
-14
What is the value of -21 + (35 - 2) + (-9 - -46)?
49
Calculate 67 + -22 + -26 + 30 + -5.
44
What is (0 - 1) + (8 + -11 + (0 - -5) - -56)?
57
-8 + (-100 - -118) + -141
-131
What is -2 - ((1 + -6 - 4) + (18 - 9)) - -74?
72
-164 + 186 + -8 + 2 - 33
-17
What is 1 + -3 + -63 - (-11885 - -11853)?
-33
Evalu